{"id":12,"date":"2015-09-15T23:47:50","date_gmt":"2015-09-15T21:47:50","guid":{"rendered":"http:\/\/www.kvg-dorsten.de\/dorstener-tafel\/wordpress\/?page_id=12"},"modified":"2023-09-29T08:56:29","modified_gmt":"2023-09-29T06:56:29","slug":"mittagstisch-altstadt","status":"publish","type":"page","link":"https:\/\/www.dorstener-tafel.de\/?page_id=12","title":{"rendered":"Mittagstisch Altstadt"},"content":{"rendered":"<figure id=\"attachment_57\" aria-describedby=\"caption-attachment-57\" style=\"width: 900px\" class=\"wp-caption alignleft\"><a href=\"http:\/\/www.kvg-dorsten.de\/dorstener-tafel\/wordpress\/wp-content\/uploads\/2015\/09\/11885045_795302577234002_9057795639254899122_o.jpg\" target=\"_blank\" rel=\"noopener noreferrer\"><img loading=\"lazy\" decoding=\"async\" class=\"wp-image-57\" src=\"http:\/\/www.kvg-dorsten.de\/dorstener-tafel\/wordpress\/wp-content\/uploads\/2015\/09\/11885045_795302577234002_9057795639254899122_o-1024x575.jpg\" alt=\"11885045_795302577234002_9057795639254899122_o\" width=\"900\" height=\"506\" srcset=\"https:\/\/www.kvg-dorsten.de\/dorstener-tafel\/wordpress\/wp-content\/uploads\/2015\/09\/11885045_795302577234002_9057795639254899122_o-1024x575.jpg 1024w, https:\/\/www.kvg-dorsten.de\/dorstener-tafel\/wordpress\/wp-content\/uploads\/2015\/09\/11885045_795302577234002_9057795639254899122_o-300x169.jpg 300w, https:\/\/www.kvg-dorsten.de\/dorstener-tafel\/wordpress\/wp-content\/uploads\/2015\/09\/11885045_795302577234002_9057795639254899122_o.jpg 1600w\" sizes=\"auto, (max-width: 900px) 100vw, 900px\" \/><\/a><figcaption id=\"caption-attachment-57\" class=\"wp-caption-text\">So schmackhaft ein Eintopf auch sein mag: es gibt meist anderes!<\/figcaption><\/figure>\n<p>Unser Team\u00a0 kocht ehrenamtlich einmal pro Woche f\u00fcr Menschen, die sich aufgrund finanzieller oder anderer Notsituationen keine warme Mahlzeit leisten k\u00f6nnen, ein reichhaltiges und abwechslungsreiches Mittagessen.<\/p>\n<p>\u00dcber das Mittagessen hinaus finden die Menschen hier eine St\u00e4tte der Begegnung, eine Anlaufstelle, wo sie sich gut aufgehoben und angenommen f\u00fchlen, wo sie sprechen k\u00f6nnen, wenn sie wollen, oder einfach nur da sein k\u00f6nnen.<\/p>\n<p>Die Vorlage des &#8222;Dorsten-Passes&#8220; als Einkommensnachweis ist erforderlich; der \u201eDorsten-Pass\u201c kann beim zust\u00e4ndigen Mitarbeiter des Sozialamtes oder im B\u00fcrgerb\u00fcro des Rathauses beantragt werden.<\/p>\n<p>Die G\u00e4ste des Mittagstisches werden gebeten, 1 Euro pro Mahlzeit zu entrichten.<\/p>\n<p style=\"margin: 0cm; margin-bottom: .0001pt; text-align: center; line-height: 150%;\" align=\"center\"><strong>Mittagstisch in der Altstadt<\/strong><\/p>\n<p style=\"margin: 0cm; margin-bottom: .0001pt; text-align: center; line-height: 150%;\" align=\"center\">Mittwoch<br \/>\nvon 12.30 Uhr bis 13.30 Uhr<\/p>\n<p style=\"text-align: center; line-height: 150%;\" align=\"center\">Evangelisches Gemeindezentrum der Johannesgemeinde<br \/>\nS\u00fcdwall 5<br \/>\n46282 Dorsten<\/p>\n<p style=\"text-align: center;\"><strong>Kontakt:<\/strong><br \/>\nFrau Ingrid Winkel<br \/>\ni.winkel@dorstener-tafel.de<br \/>\nTel.: 02362 \/ 2 46 98<\/p>\n<p style=\"text-align: center;\"><strong>Niemand muss hungrig nach Hause gehen!<\/strong><br \/>\n<strong>Schauen Sie einfach mal herein!<\/strong><\/p>\n<p>&nbsp;<\/p>\n","protected":false},"excerpt":{"rendered":"<p>Unser Team\u00a0 kocht ehrenamtlich einmal pro Woche f\u00fcr Menschen, die sich aufgrund finanzieller oder anderer Notsituationen keine warme Mahlzeit leisten [&hellip;]<\/p>\n","protected":false},"author":1,"featured_media":0,"parent":0,"menu_order":0,"comment_status":"closed","ping_status":"closed","template":"","meta":{"footnotes":""},"class_list":["post-12","page","type-page","status-publish","hentry"],"yoast_head":"<!-- This site is optimized with the Yoast SEO plugin v26.8 - https:\/\/yoast.com\/product\/yoast-seo-wordpress\/ -->\n<title>Mittagstisch Altstadt - Home | Tafel Dorsten<\/title>\n<meta name=\"robots\" content=\"index, follow, max-snippet:-1, max-image-preview:large, max-video-preview:-1\" \/>\n<link rel=\"canonical\" href=\"https:\/\/www.dorstener-tafel.de\/?page_id=12\" \/>\n<meta property=\"og:locale\" content=\"de_DE\" \/>\n<meta property=\"og:type\" content=\"article\" \/>\n<meta property=\"og:title\" content=\"Mittagstisch Altstadt - Home | Tafel Dorsten\" \/>\n<meta property=\"og:description\" content=\"Unser Team\u00a0 kocht ehrenamtlich einmal pro Woche f\u00fcr Menschen, die sich aufgrund finanzieller oder anderer Notsituationen keine warme Mahlzeit leisten [&hellip;]\" \/>\n<meta property=\"og:url\" content=\"https:\/\/www.dorstener-tafel.de\/?page_id=12\" \/>\n<meta property=\"og:site_name\" content=\"Home | Tafel Dorsten\" \/>\n<meta property=\"article:publisher\" content=\"https:\/\/www.facebook.com\/Dorstener-Tafel-eV-710109832448127\/\" \/>\n<meta property=\"article:modified_time\" content=\"2023-09-29T06:56:29+00:00\" \/>\n<meta property=\"og:image\" content=\"http:\/\/www.kvg-dorsten.de\/dorstener-tafel\/wordpress\/wp-content\/uploads\/2015\/09\/11885045_795302577234002_9057795639254899122_o-1024x575.jpg\" \/>\n<meta name=\"twitter:card\" content=\"summary_large_image\" \/>\n<meta name=\"twitter:label1\" content=\"Gesch\u00e4tzte Lesezeit\" \/>\n\t<meta name=\"twitter:data1\" content=\"2\u00a0Minuten\" \/>\n<script type=\"application\/ld+json\" class=\"yoast-schema-graph\">{\"@context\":\"https:\/\/schema.org\",\"@graph\":[{\"@type\":\"WebPage\",\"@id\":\"https:\/\/www.dorstener-tafel.de\/?page_id=12\",\"url\":\"https:\/\/www.dorstener-tafel.de\/?page_id=12\",\"name\":\"Mittagstisch Altstadt - Home | Tafel Dorsten\",\"isPartOf\":{\"@id\":\"https:\/\/www.dorstener-tafel.de\/#website\"},\"primaryImageOfPage\":{\"@id\":\"https:\/\/www.dorstener-tafel.de\/?page_id=12#primaryimage\"},\"image\":{\"@id\":\"https:\/\/www.dorstener-tafel.de\/?page_id=12#primaryimage\"},\"thumbnailUrl\":\"http:\/\/www.kvg-dorsten.de\/dorstener-tafel\/wordpress\/wp-content\/uploads\/2015\/09\/11885045_795302577234002_9057795639254899122_o-1024x575.jpg\",\"datePublished\":\"2015-09-15T21:47:50+00:00\",\"dateModified\":\"2023-09-29T06:56:29+00:00\",\"breadcrumb\":{\"@id\":\"https:\/\/www.dorstener-tafel.de\/?page_id=12#breadcrumb\"},\"inLanguage\":\"de\",\"potentialAction\":[{\"@type\":\"ReadAction\",\"target\":[\"https:\/\/www.dorstener-tafel.de\/?page_id=12\"]}]},{\"@type\":\"ImageObject\",\"inLanguage\":\"de\",\"@id\":\"https:\/\/www.dorstener-tafel.de\/?page_id=12#primaryimage\",\"url\":\"http:\/\/www.kvg-dorsten.de\/dorstener-tafel\/wordpress\/wp-content\/uploads\/2015\/09\/11885045_795302577234002_9057795639254899122_o-1024x575.jpg\",\"contentUrl\":\"http:\/\/www.kvg-dorsten.de\/dorstener-tafel\/wordpress\/wp-content\/uploads\/2015\/09\/11885045_795302577234002_9057795639254899122_o-1024x575.jpg\"},{\"@type\":\"BreadcrumbList\",\"@id\":\"https:\/\/www.dorstener-tafel.de\/?page_id=12#breadcrumb\",\"itemListElement\":[{\"@type\":\"ListItem\",\"position\":1,\"name\":\"Home\",\"item\":\"https:\/\/www.dorstener-tafel.de\/\"},{\"@type\":\"ListItem\",\"position\":2,\"name\":\"Mittagstisch Altstadt\"}]},{\"@type\":\"WebSite\",\"@id\":\"https:\/\/www.dorstener-tafel.de\/#website\",\"url\":\"https:\/\/www.dorstener-tafel.de\/\",\"name\":\"Home | Tafel Dorsten\",\"description\":\"\",\"potentialAction\":[{\"@type\":\"SearchAction\",\"target\":{\"@type\":\"EntryPoint\",\"urlTemplate\":\"https:\/\/www.dorstener-tafel.de\/?s={search_term_string}\"},\"query-input\":{\"@type\":\"PropertyValueSpecification\",\"valueRequired\":true,\"valueName\":\"search_term_string\"}}],\"inLanguage\":\"de\"}]}<\/script>\n<!-- \/ Yoast SEO plugin. -->","yoast_head_json":{"title":"Mittagstisch Altstadt - Home | Tafel Dorsten","robots":{"index":"index","follow":"follow","max-snippet":"max-snippet:-1","max-image-preview":"max-image-preview:large","max-video-preview":"max-video-preview:-1"},"canonical":"https:\/\/www.dorstener-tafel.de\/?page_id=12","og_locale":"de_DE","og_type":"article","og_title":"Mittagstisch Altstadt - Home | Tafel Dorsten","og_description":"Unser Team\u00a0 kocht ehrenamtlich einmal pro Woche f\u00fcr Menschen, die sich aufgrund finanzieller oder anderer Notsituationen keine warme Mahlzeit leisten [&hellip;]","og_url":"https:\/\/www.dorstener-tafel.de\/?page_id=12","og_site_name":"Home | Tafel Dorsten","article_publisher":"https:\/\/www.facebook.com\/Dorstener-Tafel-eV-710109832448127\/","article_modified_time":"2023-09-29T06:56:29+00:00","og_image":[{"url":"http:\/\/www.kvg-dorsten.de\/dorstener-tafel\/wordpress\/wp-content\/uploads\/2015\/09\/11885045_795302577234002_9057795639254899122_o-1024x575.jpg","type":"","width":"","height":""}],"twitter_card":"summary_large_image","twitter_misc":{"Gesch\u00e4tzte Lesezeit":"2\u00a0Minuten"},"schema":{"@context":"https:\/\/schema.org","@graph":[{"@type":"WebPage","@id":"https:\/\/www.dorstener-tafel.de\/?page_id=12","url":"https:\/\/www.dorstener-tafel.de\/?page_id=12","name":"Mittagstisch Altstadt - Home | Tafel Dorsten","isPartOf":{"@id":"https:\/\/www.dorstener-tafel.de\/#website"},"primaryImageOfPage":{"@id":"https:\/\/www.dorstener-tafel.de\/?page_id=12#primaryimage"},"image":{"@id":"https:\/\/www.dorstener-tafel.de\/?page_id=12#primaryimage"},"thumbnailUrl":"http:\/\/www.kvg-dorsten.de\/dorstener-tafel\/wordpress\/wp-content\/uploads\/2015\/09\/11885045_795302577234002_9057795639254899122_o-1024x575.jpg","datePublished":"2015-09-15T21:47:50+00:00","dateModified":"2023-09-29T06:56:29+00:00","breadcrumb":{"@id":"https:\/\/www.dorstener-tafel.de\/?page_id=12#breadcrumb"},"inLanguage":"de","potentialAction":[{"@type":"ReadAction","target":["https:\/\/www.dorstener-tafel.de\/?page_id=12"]}]},{"@type":"ImageObject","inLanguage":"de","@id":"https:\/\/www.dorstener-tafel.de\/?page_id=12#primaryimage","url":"http:\/\/www.kvg-dorsten.de\/dorstener-tafel\/wordpress\/wp-content\/uploads\/2015\/09\/11885045_795302577234002_9057795639254899122_o-1024x575.jpg","contentUrl":"http:\/\/www.kvg-dorsten.de\/dorstener-tafel\/wordpress\/wp-content\/uploads\/2015\/09\/11885045_795302577234002_9057795639254899122_o-1024x575.jpg"},{"@type":"BreadcrumbList","@id":"https:\/\/www.dorstener-tafel.de\/?page_id=12#breadcrumb","itemListElement":[{"@type":"ListItem","position":1,"name":"Home","item":"https:\/\/www.dorstener-tafel.de\/"},{"@type":"ListItem","position":2,"name":"Mittagstisch Altstadt"}]},{"@type":"WebSite","@id":"https:\/\/www.dorstener-tafel.de\/#website","url":"https:\/\/www.dorstener-tafel.de\/","name":"Home | Tafel Dorsten","description":"","potentialAction":[{"@type":"SearchAction","target":{"@type":"EntryPoint","urlTemplate":"https:\/\/www.dorstener-tafel.de\/?s={search_term_string}"},"query-input":{"@type":"PropertyValueSpecification","valueRequired":true,"valueName":"search_term_string"}}],"inLanguage":"de"}]}},"_links":{"self":[{"href":"https:\/\/www.dorstener-tafel.de\/index.php?rest_route=\/wp\/v2\/pages\/12","targetHints":{"allow":["GET"]}}],"collection":[{"href":"https:\/\/www.dorstener-tafel.de\/index.php?rest_route=\/wp\/v2\/pages"}],"about":[{"href":"https:\/\/www.dorstener-tafel.de\/index.php?rest_route=\/wp\/v2\/types\/page"}],"author":[{"embeddable":true,"href":"https:\/\/www.dorstener-tafel.de\/index.php?rest_route=\/wp\/v2\/users\/1"}],"replies":[{"embeddable":true,"href":"https:\/\/www.dorstener-tafel.de\/index.php?rest_route=%2Fwp%2Fv2%2Fcomments&post=12"}],"version-history":[{"count":26,"href":"https:\/\/www.dorstener-tafel.de\/index.php?rest_route=\/wp\/v2\/pages\/12\/revisions"}],"predecessor-version":[{"id":2426,"href":"https:\/\/www.dorstener-tafel.de\/index.php?rest_route=\/wp\/v2\/pages\/12\/revisions\/2426"}],"wp:attachment":[{"href":"https:\/\/www.dorstener-tafel.de\/index.php?rest_route=%2Fwp%2Fv2%2Fmedia&parent=12"}],"curies":[{"name":"wp","href":"https:\/\/api.w.org\/{rel}","templated":true}]}}